{"id":812,"date":"2023-06-29T23:12:07","date_gmt":"2023-06-29T23:12:07","guid":{"rendered":"https:\/\/incata.com.ar\/?page_id=812"},"modified":"2023-07-13T07:00:20","modified_gmt":"2023-07-13T07:00:20","slug":"ingenieria","status":"publish","type":"page","link":"https:\/\/incata.com.ar\/index.php\/ingenieria\/","title":{"rendered":"Ingenieria"},"content":{"rendered":"\n<div class=\"wp-block-group has-global-padding is-layout-constrained wp-container-5\" style=\"padding-top:var(--wp--preset--spacing--50);padding-right:var(--wp--preset--spacing--50);padding-bottom:var(--wp--preset--spacing--50);padding-left:var(--wp--preset--spacing--50)\">\n<h2 class=\"wp-block-heading has-text-align-center has-custom-color-2-color has-text-color has-x-large-font-size\" style=\"font-style:normal;font-weight:500\">Dise\u00f1amos, ejecutamos y controlamos proyectos integrales de automatizaci\u00f3n.<\/h2>\n\n\n\n<p class=\"has-text-align-center\">En Incata, nos enorgullece contar con un equipo de j\u00f3venes profesionales altamente capacitados, que cuentan con una valiosa experiencia trabajando en empresas multinacionales l\u00edderes en el sector industrial. Los cuales han participado en proyectos de gran envergadura, abarcando diversas \u00e1reas de automatizaci\u00f3n e ingenier\u00eda<\/p>\n\n\n\n<h2 class=\"wp-block-heading has-text-align-center has-custom-color-2-color has-text-color has-x-large-font-size\" style=\"margin-top:var(--wp--preset--spacing--40);font-style:normal;font-weight:500\">\u00bfC\u00f3mo lo hacemos?<\/h2>\n\n\n\n<div class=\"wp-block-group ingenieria-pasos is-content-justification-center is-layout-flex wp-container-4\" style=\"padding-top:0;padding-right:var(--wp--preset--spacing--30);padding-bottom:var(--wp--preset--spacing--30);padding-left:var(--wp--preset--spacing--30)\">\n<div class=\"wp-block-group gif-column is-vertical is-content-justification-center is-layout-flex wp-container-1\">\n<figure class=\"wp-block-image size-full gif-icon\"><img decoding=\"async\" loading=\"lazy\" width=\"640\" height=\"640\" src=\"https:\/\/incata.com.ar\/wp-content\/uploads\/2023\/06\/plan.gif\" alt=\"\" class=\"wp-image-951\"\/><\/figure>\n\n\n\n<h2 class=\"wp-block-heading has-text-align-center has-custom-color-3-color has-text-color\">Proyecto<\/h2>\n\n\n\n<ul class=\"has-custom-color-3-color has-text-color\">\n<li>Relevamiento<\/li>\n\n\n\n<li>Diagn\u00f3stico y an\u00e1lisis<\/li>\n\n\n\n<li>Dise\u00f1o<\/li>\n\n\n\n<li>Desarrollo<\/li>\n\n\n\n<li>Documentaci\u00f3n<\/li>\n<\/ul>\n<\/div>\n\n\n\n<div class=\"wp-block-group gif-column is-vertical is-content-justification-center is-layout-flex wp-container-2\">\n<figure class=\"wp-block-image size-full gif-icon\"><img decoding=\"async\" loading=\"lazy\" width=\"640\" height=\"640\" src=\"https:\/\/incata.com.ar\/wp-content\/uploads\/2023\/06\/casco.gif\" alt=\"\" class=\"wp-image-641\"\/><\/figure>\n\n\n\n<h2 class=\"wp-block-heading has-text-align-center has-custom-color-3-color has-text-color\">Puesta en Marcha<\/h2>\n\n\n\n<ul class=\"has-custom-color-3-color has-text-color\">\n<li>Instalaciones<\/li>\n\n\n\n<li>Montajes industriales<\/li>\n\n\n\n<li>Mecanizado<\/li>\n\n\n\n<li>Programaci\u00f3n<\/li>\n\n\n\n<li>Log\u00edstica<\/li>\n<\/ul>\n<\/div>\n\n\n\n<div class=\"wp-block-group gif-column is-vertical is-content-justification-center is-layout-flex wp-container-3\">\n<figure class=\"wp-block-image size-full gif-icon\"><img decoding=\"async\" loading=\"lazy\" width=\"640\" height=\"640\" src=\"https:\/\/incata.com.ar\/wp-content\/uploads\/2023\/06\/gobernante.gif\" alt=\"\" class=\"wp-image-952\"\/><\/figure>\n\n\n\n<h2 class=\"wp-block-heading has-text-align-center has-custom-color-3-color has-text-color\">Inspecci\u00f3n<\/h2>\n\n\n\n<ul class=\"has-custom-color-3-color has-text-color\">\n<li>Supervisi\u00f3n<\/li>\n\n\n\n<li>Seguimiento<\/li>\n\n\n\n<li>Auditor\u00eda<\/li>\n\n\n\n<li>Informes<\/li>\n\n\n\n<li>Feedback<\/li>\n<\/ul>\n<\/div>\n<\/div>\n<\/div>\n","protected":false},"excerpt":{"rendered":"<p>Dise\u00f1amos, ejecutamos y controlamos proyectos integrales de automatizaci\u00f3n. En Incata, nos enorgullece contar con un equipo de j\u00f3venes profesionales altamente capacitados, que cuentan con una valiosa experiencia trabajando en empresas multinacionales l\u00edderes en el sector industrial. Los cuales han participado en proyectos de gran envergadura, abarcando diversas \u00e1reas de automatizaci\u00f3n e ingenier\u00eda \u00bfC\u00f3mo lo hacemos? [&hellip;]<\/p>\n","protected":false},"author":1,"featured_media":1001,"parent":0,"menu_order":0,"comment_status":"closed","ping_status":"closed","template":"blank","meta":[],"_links":{"self":[{"href":"https:\/\/incata.com.ar\/index.php\/wp-json\/wp\/v2\/pages\/812"}],"collection":[{"href":"https:\/\/incata.com.ar\/index.php\/wp-json\/wp\/v2\/pages"}],"about":[{"href":"https:\/\/incata.com.ar\/index.php\/wp-json\/wp\/v2\/types\/page"}],"author":[{"embeddable":true,"href":"https:\/\/incata.com.ar\/index.php\/wp-json\/wp\/v2\/users\/1"}],"replies":[{"embeddable":true,"href":"https:\/\/incata.com.ar\/index.php\/wp-json\/wp\/v2\/comments?post=812"}],"version-history":[{"count":22,"href":"https:\/\/incata.com.ar\/index.php\/wp-json\/wp\/v2\/pages\/812\/revisions"}],"predecessor-version":[{"id":1009,"href":"https:\/\/incata.com.ar\/index.php\/wp-json\/wp\/v2\/pages\/812\/revisions\/1009"}],"wp:featuredmedia":[{"embeddable":true,"href":"https:\/\/incata.com.ar\/index.php\/wp-json\/wp\/v2\/media\/1001"}],"wp:attachment":[{"href":"https:\/\/incata.com.ar\/index.php\/wp-json\/wp\/v2\/media?parent=812"}],"curies":[{"name":"wp","href":"https:\/\/api.w.org\/{rel}","templated":true}]}}