{"id":1070,"date":"2026-04-16T14:38:48","date_gmt":"2026-04-16T17:38:48","guid":{"rendered":"https:\/\/incata.com.ar\/?page_id=1070"},"modified":"2026-04-16T14:38:48","modified_gmt":"2026-04-16T17:38:48","slug":"mineria","status":"publish","type":"page","link":"https:\/\/incata.com.ar\/index.php\/mineria\/","title":{"rendered":"Miner\u00eda"},"content":{"rendered":"\n<p id=\"p-rc_36f7d83addec7c83-19\">En el sector minero, la continuidad operativa es cr\u00edtica debido a las condiciones ambientales extremas y las cargas de trabajo pesadas.<sup><\/sup><\/p>\n\n\n\n<h3 class=\"wp-block-heading\"><strong>Filtraci\u00f3n Offline CJC\u00ae<\/strong><\/h3>\n\n\n\n<p id=\"p-rc_36f7d83addec7c83-20\">La contaminaci\u00f3n por part\u00edculas s\u00f3lidas y agua es responsable del <strong>80% de las fallas<\/strong> en sistemas hidr\u00e1ulicos y de lubricaci\u00f3n.<sup><\/sup><\/p>\n\n\n\n<ul class=\"wp-block-list\">\n<li><strong>Soluci\u00f3n:<\/strong> Implementaci\u00f3n de sistemas de filtraci\u00f3n fuera de l\u00ednea (offline) en excavadoras, camiones de extracci\u00f3n (fuera de carretera) y trituradoras.<\/li>\n\n\n\n<li><strong>Beneficio T\u00e9cnico:<\/strong> Los filtros CJC\u00ae eliminan part\u00edculas de hasta <strong>3 \u00b5m absolutos<\/strong>, adem\u00e1s de absorber agua y productos de oxidaci\u00f3n (varnish). Esto permite extender la vida \u00fatil del aceite hasta <strong>3 o 4 veces<\/strong>, reduciendo el desgaste prematuro de bombas y v\u00e1lvulas.<\/li>\n<\/ul>\n\n\n\n<h3 class=\"wp-block-heading\"><strong>Soluciones de Desgaste Valley Rubber<\/strong><\/h3>\n\n\n\n<ul class=\"wp-block-list\">\n<li><strong>Aplicaci\u00f3n:<\/strong> Revestimientos de chutes, tolvas de camiones, cribas (screens) y puntos de transferencia.<\/li>\n\n\n\n<li><strong>Soluci\u00f3n:<\/strong> Uso de caucho t\u00e9cnico y cer\u00e1micas vulcanizadas dise\u00f1adas para absorber impactos y resistir la abrasi\u00f3n severa.<\/li>\n\n\n\n<li><strong>Beneficio T\u00e9cnico:<\/strong> El dise\u00f1o personalizado de Valley Rubber reduce el ruido y la vibraci\u00f3n estructural, evitando la fatiga del metal y minimizando las paradas por mantenimiento correctivo en el manejo de materiales a granel.<\/li>\n<\/ul>\n","protected":false},"excerpt":{"rendered":"<p>En el sector minero, la continuidad operativa es cr\u00edtica debido a las condiciones ambientales extremas y las cargas de trabajo pesadas. Filtraci\u00f3n Offline CJC\u00ae La contaminaci\u00f3n por part\u00edculas s\u00f3lidas y agua es responsable del 80% de las fallas en sistemas hidr\u00e1ulicos y de lubricaci\u00f3n. Soluciones de Desgaste Valley Rubber<\/p>\n","protected":false},"author":2,"featured_media":1073,"parent":0,"menu_order":0,"comment_status":"closed","ping_status":"closed","template":"","meta":{"footnotes":""},"class_list":["post-1070","page","type-page","status-publish","has-post-thumbnail","hentry"],"_links":{"self":[{"href":"https:\/\/incata.com.ar\/index.php\/wp-json\/wp\/v2\/pages\/1070","targetHints":{"allow":["GET"]}}],"collection":[{"href":"https:\/\/incata.com.ar\/index.php\/wp-json\/wp\/v2\/pages"}],"about":[{"href":"https:\/\/incata.com.ar\/index.php\/wp-json\/wp\/v2\/types\/page"}],"author":[{"embeddable":true,"href":"https:\/\/incata.com.ar\/index.php\/wp-json\/wp\/v2\/users\/2"}],"replies":[{"embeddable":true,"href":"https:\/\/incata.com.ar\/index.php\/wp-json\/wp\/v2\/comments?post=1070"}],"version-history":[{"count":1,"href":"https:\/\/incata.com.ar\/index.php\/wp-json\/wp\/v2\/pages\/1070\/revisions"}],"predecessor-version":[{"id":1074,"href":"https:\/\/incata.com.ar\/index.php\/wp-json\/wp\/v2\/pages\/1070\/revisions\/1074"}],"wp:featuredmedia":[{"embeddable":true,"href":"https:\/\/incata.com.ar\/index.php\/wp-json\/wp\/v2\/media\/1073"}],"wp:attachment":[{"href":"https:\/\/incata.com.ar\/index.php\/wp-json\/wp\/v2\/media?parent=1070"}],"curies":[{"name":"wp","href":"https:\/\/api.w.org\/{rel}","templated":true}]}}